{"id":74,"date":"2022-03-11T15:17:26","date_gmt":"2022-03-11T14:17:26","guid":{"rendered":"https:\/\/szkolkakubiczek.pl\/?page_id=74"},"modified":"2022-04-04T16:24:53","modified_gmt":"2022-04-04T14:24:53","slug":"o-nas","status":"publish","type":"page","link":"https:\/\/szkolkakubiczek.pl\/cz\/o-nas\/","title":{"rendered":"O nas"},"content":{"rendered":"<p><strong>Nasze gospodarstwo szk\u00f3\u0142karskie powsta\u0142o w 1989 r.<\/strong>&nbsp;cho\u0107 pierwsze pr\u00f3by rozpocz\u0119li\u015bmy w&nbsp;<strong>1982 r.<\/strong>&nbsp;po uko\u0144czeniu szko\u0142y ogrodniczej. Dwu hektarowe gospodarstwo pozwoli\u0142o Nam rozwin\u0105\u0107 produkcj\u0119 pn\u0105czy oraz materia\u0142u iglastego .<\/p>\n<p><strong>W latach 1990 powi\u0119kszyli\u015bmy produkcj\u0119<\/strong>&nbsp;szk\u00f3\u0142karsk\u0105 do obszaru 10 ha, produkuj\u0105c\u0105 drzewa alejowe, ro\u015bliny \u017cywop\u0142otowe oraz ro\u015bliny okrywowe.<\/p>\n<p><strong>Od roku 2000 rozpocz\u0119li\u015bmy produkcj\u0119 materia\u0142u szczepionego<\/strong>&nbsp;takiego jak : jod\u0142y , sosny, \u015bwierki,modrzewie oraz du\u017co gatunk\u00f3w ro\u015blin li\u015bciastych.<\/p>\n<p>Nasz asortyment sprzedajemy na rynek&nbsp;<strong>polski<\/strong>&nbsp;oraz g\u0142\u00f3wnie do pa\u0144stw&nbsp;<strong>Europy Wschodniej, Czech i S\u0142owacji.<\/strong><\/p>\n<p>Na terenie gospodarstwa szk\u00f3\u0142karskiego posiadamy&nbsp;<strong>punkt detaliczny<\/strong>, oraz&nbsp;<strong>liczne ogrody pokazowe<\/strong>. Co roku&nbsp;<strong>uczestniczymy w wystawach<\/strong>&nbsp;krajowych oraz zagranicznych \u201eFlora Olomouc\u201d.<\/p>\n<h2 style=\"text-align: center;\"><span style=\"color: #80b933; font-size: 18pt;\">NASZ PUNKT SPRZEDA\u017bY&nbsp;POKAZANY W 9 ODCINKU PROGRAMU &#8211;&nbsp;OGR\u00d3D PO POLSKU:<\/span><\/h2>\n<p>&nbsp;<\/p>\n<div class=\"text-center\"><iframe loading=\"lazy\" title=\"YouTube video player\" src=\"https:\/\/www.youtube.com\/embed\/k2xLPNPMCMs\" width=\"75%\" height=\"450px\" frameborder=\"0\" allowfullscreen=\"allowfullscreen\"><span data-mce-type=\"bookmark\" style=\"display: inline-block; width: 0px; overflow: hidden; line-height: 0;\" class=\"mce_SELRES_start\">\ufeff<\/span><span data-mce-type=\"bookmark\" style=\"display: inline-block; width: 0px; overflow: hidden; line-height: 0;\" class=\"mce_SELRES_start\">\ufeff<\/span><\/iframe><\/div>\n","protected":false},"excerpt":{"rendered":"<p>Nasze gospodarstwo szk\u00f3\u0142karskie powsta\u0142o w 1989 r.&nbsp;cho\u0107 pierwsze pr\u00f3by rozpocz\u0119li\u015bmy w&nbsp;1982 r.&nbsp;po uko\u0144czeniu szko\u0142y ogrodniczej. Dwu hektarowe gospodarstwo pozwoli\u0142o Nam rozwin\u0105\u0107 produkcj\u0119 pn\u0105czy oraz materia\u0142u iglastego . W latach 1990 powi\u0119kszyli\u015bmy produkcj\u0119&nbsp;szk\u00f3\u0142karsk\u0105 do obszaru 10 ha, produkuj\u0105c\u0105 drzewa alejowe, ro\u015bliny \u017cywop\u0142otowe oraz ro\u015bliny okrywowe. Od roku 2000 rozpocz\u0119li\u015bmy produkcj\u0119 materia\u0142u szczepionego&nbsp;takiego jak : jod\u0142y , [&hellip;]<\/p>\n","protected":false},"author":1,"featured_media":0,"parent":0,"menu_order":0,"comment_status":"closed","ping_status":"closed","template":"casual.php","meta":{"_acf_changed":false,"ngg_post_thumbnail":0,"footnotes":""},"class_list":["post-74","page","type-page","status-publish","hentry"],"translation":{"provider":"WPGlobus","version":"3.0.0","language":"cz","enabled_languages":["pl","gb","de","cz"],"languages":{"pl":{"title":true,"content":true,"excerpt":false},"gb":{"title":false,"content":false,"excerpt":false},"de":{"title":false,"content":false,"excerpt":false},"cz":{"title":false,"content":false,"excerpt":false}}},"acf":[],"yoast_head":"<!-- This site is optimized with the Yoast SEO plugin v24.9 - https:\/\/yoast.com\/wordpress\/plugins\/seo\/ -->\n<title>O nas - Kubiczek - Szk\u00f3\u0142ka drzew i krzew\u00f3w O\u015bwi\u0119cim<\/title>\n<meta name=\"robots\" content=\"index, follow, max-snippet:-1, max-image-preview:large, max-video-preview:-1\" \/>\n<link rel=\"canonical\" href=\"https:\/\/szkolkakubiczek.pl\/o-nas\/\" \/>\n<meta property=\"og:locale\" content=\"en_US\" \/>\n<meta property=\"og:type\" content=\"article\" \/>\n<meta property=\"og:title\" content=\"O nas - Kubiczek - Szk\u00f3\u0142ka drzew i krzew\u00f3w O\u015bwi\u0119cim\" \/>\n<meta property=\"og:url\" content=\"https:\/\/szkolkakubiczek.pl\/o-nas\/\" \/>\n<meta property=\"og:site_name\" content=\"Kubiczek - Szk\u00f3\u0142ka drzew i krzew\u00f3w O\u015bwi\u0119cim\" \/>\n<meta property=\"article:publisher\" content=\"https:\/\/www.facebook.com\/profile.php?id=100048712636007\" \/>\n<meta property=\"article:modified_time\" content=\"2022-04-04T14:24:53+00:00\" \/>\n<meta property=\"og:image\" content=\"https:\/\/szkolkakubiczek.pl\/wp-content\/uploads\/2022\/03\/13.jpg\" \/>\n\t<meta property=\"og:image:width\" content=\"600\" \/>\n\t<meta property=\"og:image:height\" content=\"399\" \/>\n\t<meta property=\"og:image:type\" content=\"image\/jpeg\" \/>\n<meta name=\"twitter:card\" content=\"summary_large_image\" \/>\n<meta name=\"twitter:label1\" content=\"Est. reading time\" \/>\n\t<meta name=\"twitter:data1\" content=\"1 minute\" \/>\n<script type=\"application\/ld+json\" class=\"yoast-schema-graph\">{\"@context\":\"https:\/\/schema.org\",\"@graph\":[{\"@type\":\"WebPage\",\"@id\":\"https:\/\/szkolkakubiczek.pl\/o-nas\/\",\"url\":\"https:\/\/szkolkakubiczek.pl\/o-nas\/\",\"name\":\"O nas - Kubiczek - Szk\u00f3\u0142ka drzew i krzew\u00f3w O\u015bwi\u0119cim\",\"isPartOf\":{\"@id\":\"https:\/\/szkolkakubiczek.pl\/gb\/#website\"},\"datePublished\":\"2022-03-11T14:17:26+00:00\",\"dateModified\":\"2022-04-04T14:24:53+00:00\",\"description\":\"Kubiczek - Szk\u00f3\u0142ka drzew i krzew\u00f3w O\u015bwi\u0119cim - O nas\",\"breadcrumb\":{\"@id\":\"https:\/\/szkolkakubiczek.pl\/o-nas\/#breadcrumb\"},\"inLanguage\":\"cz-CZ\",\"potentialAction\":[{\"@type\":\"ReadAction\",\"target\":[\"https:\/\/szkolkakubiczek.pl\/o-nas\/\"]}]},{\"@type\":\"BreadcrumbList\",\"@id\":\"https:\/\/szkolkakubiczek.pl\/o-nas\/#breadcrumb\",\"itemListElement\":[{\"@type\":\"ListItem\",\"position\":1,\"name\":\"Strona g\u0142\u00f3wna\",\"item\":\"https:\/\/szkolkakubiczek.pl\/gb\/\"},{\"@type\":\"ListItem\",\"position\":2,\"name\":\"O nas\"}]},{\"@type\":\"WebSite\",\"@id\":\"https:\/\/szkolkakubiczek.pl\/gb\/#website\",\"url\":\"https:\/\/szkolkakubiczek.pl\/gb\/\",\"name\":\"Kubiczek - Szk\u00f3\u0142ka drzew i krzew\u00f3w O\u015bwi\u0119cim\",\"description\":\"Szk\u00f3\u0142ka drzew i krzew\u00f3w\",\"publisher\":{\"@id\":\"https:\/\/szkolkakubiczek.pl\/gb\/#organization\"},\"potentialAction\":[{\"@type\":\"SearchAction\",\"target\":{\"@type\":\"EntryPoint\",\"urlTemplate\":\"https:\/\/szkolkakubiczek.pl\/gb\/?s={search_term_string}\"},\"query-input\":{\"@type\":\"PropertyValueSpecification\",\"valueRequired\":true,\"valueName\":\"search_term_string\"}}],\"inLanguage\":\"cz-CZ\"},{\"@type\":\"Organization\",\"@id\":\"https:\/\/szkolkakubiczek.pl\/gb\/#organization\",\"name\":\"Szk\u00f3\u0142ka kwiat\u00f3w i ro\u015blin Kubiczek\",\"url\":\"https:\/\/szkolkakubiczek.pl\/gb\/\",\"logo\":{\"@type\":\"ImageObject\",\"inLanguage\":\"cz-CZ\",\"@id\":\"https:\/\/szkolkakubiczek.pl\/gb\/#\/schema\/logo\/image\/\",\"url\":\"http:\/\/szkolkakubiczek.pl\/wp-content\/uploads\/2022\/04\/cropped-Zdjecie4.png\",\"contentUrl\":\"http:\/\/szkolkakubiczek.pl\/wp-content\/uploads\/2022\/04\/cropped-Zdjecie4.png\",\"width\":512,\"height\":512,\"caption\":\"Szk\u00f3\u0142ka kwiat\u00f3w i ro\u015blin Kubiczek\"},\"image\":{\"@id\":\"https:\/\/szkolkakubiczek.pl\/gb\/#\/schema\/logo\/image\/\"},\"sameAs\":[\"https:\/\/www.facebook.com\/profile.php?id=100048712636007\",\"https:\/\/www.instagram.com\/szkolka_kubiczek\/\"]}]}<\/script>\n<!-- \/ Yoast SEO plugin. -->","yoast_head_json":{"title":"O nas - Kubiczek - Szk\u00f3\u0142ka drzew i krzew\u00f3w O\u015bwi\u0119cim","robots":{"index":"index","follow":"follow","max-snippet":"max-snippet:-1","max-image-preview":"max-image-preview:large","max-video-preview":"max-video-preview:-1"},"canonical":"https:\/\/szkolkakubiczek.pl\/o-nas\/","og_locale":"en_US","og_type":"article","og_title":"O nas - Kubiczek - Szk\u00f3\u0142ka drzew i krzew\u00f3w O\u015bwi\u0119cim","og_url":"https:\/\/szkolkakubiczek.pl\/o-nas\/","og_site_name":"Kubiczek - Szk\u00f3\u0142ka drzew i krzew\u00f3w O\u015bwi\u0119cim","article_publisher":"https:\/\/www.facebook.com\/profile.php?id=100048712636007","article_modified_time":"2022-04-04T14:24:53+00:00","og_image":[{"width":600,"height":399,"url":"https:\/\/szkolkakubiczek.pl\/wp-content\/uploads\/2022\/03\/13.jpg","type":"image\/jpeg"}],"twitter_card":"summary_large_image","twitter_misc":{"Est. reading time":"1 minute"},"schema":{"@context":"https:\/\/schema.org","@graph":[{"@type":"WebPage","@id":"https:\/\/szkolkakubiczek.pl\/o-nas\/","url":"https:\/\/szkolkakubiczek.pl\/o-nas\/","name":"O nas - Kubiczek - Szk\u00f3\u0142ka drzew i krzew\u00f3w O\u015bwi\u0119cim","isPartOf":{"@id":"https:\/\/szkolkakubiczek.pl\/gb\/#website"},"datePublished":"2022-03-11T14:17:26+00:00","dateModified":"2022-04-04T14:24:53+00:00","description":"Kubiczek - Szk\u00f3\u0142ka drzew i krzew\u00f3w O\u015bwi\u0119cim - O nas","breadcrumb":{"@id":"https:\/\/szkolkakubiczek.pl\/o-nas\/#breadcrumb"},"inLanguage":"cz-CZ","potentialAction":[{"@type":"ReadAction","target":["https:\/\/szkolkakubiczek.pl\/o-nas\/"]}]},{"@type":"BreadcrumbList","@id":"https:\/\/szkolkakubiczek.pl\/o-nas\/#breadcrumb","itemListElement":[{"@type":"ListItem","position":1,"name":"Strona g\u0142\u00f3wna","item":"https:\/\/szkolkakubiczek.pl\/gb\/"},{"@type":"ListItem","position":2,"name":"O nas"}]},{"@type":"WebSite","@id":"https:\/\/szkolkakubiczek.pl\/gb\/#website","url":"https:\/\/szkolkakubiczek.pl\/gb\/","name":"Kubiczek - Szk\u00f3\u0142ka drzew i krzew\u00f3w O\u015bwi\u0119cim","description":"Szk\u00f3\u0142ka drzew i krzew\u00f3w","publisher":{"@id":"https:\/\/szkolkakubiczek.pl\/gb\/#organization"},"potentialAction":[{"@type":"SearchAction","target":{"@type":"EntryPoint","urlTemplate":"https:\/\/szkolkakubiczek.pl\/gb\/?s={search_term_string}"},"query-input":{"@type":"PropertyValueSpecification","valueRequired":true,"valueName":"search_term_string"}}],"inLanguage":"cz-CZ"},{"@type":"Organization","@id":"https:\/\/szkolkakubiczek.pl\/gb\/#organization","name":"Szk\u00f3\u0142ka kwiat\u00f3w i ro\u015blin Kubiczek","url":"https:\/\/szkolkakubiczek.pl\/gb\/","logo":{"@type":"ImageObject","inLanguage":"cz-CZ","@id":"https:\/\/szkolkakubiczek.pl\/gb\/#\/schema\/logo\/image\/","url":"http:\/\/szkolkakubiczek.pl\/wp-content\/uploads\/2022\/04\/cropped-Zdjecie4.png","contentUrl":"http:\/\/szkolkakubiczek.pl\/wp-content\/uploads\/2022\/04\/cropped-Zdjecie4.png","width":512,"height":512,"caption":"Szk\u00f3\u0142ka kwiat\u00f3w i ro\u015blin Kubiczek"},"image":{"@id":"https:\/\/szkolkakubiczek.pl\/gb\/#\/schema\/logo\/image\/"},"sameAs":["https:\/\/www.facebook.com\/profile.php?id=100048712636007","https:\/\/www.instagram.com\/szkolka_kubiczek\/"]}]}},"_links":{"self":[{"href":"https:\/\/szkolkakubiczek.pl\/cz\/wp-json\/wp\/v2\/pages\/74","targetHints":{"allow":["GET"]}}],"collection":[{"href":"https:\/\/szkolkakubiczek.pl\/cz\/wp-json\/wp\/v2\/pages"}],"about":[{"href":"https:\/\/szkolkakubiczek.pl\/cz\/wp-json\/wp\/v2\/types\/page"}],"author":[{"embeddable":true,"href":"https:\/\/szkolkakubiczek.pl\/cz\/wp-json\/wp\/v2\/users\/1"}],"replies":[{"embeddable":true,"href":"https:\/\/szkolkakubiczek.pl\/cz\/wp-json\/wp\/v2\/comments?post=74"}],"version-history":[{"count":4,"href":"https:\/\/szkolkakubiczek.pl\/cz\/wp-json\/wp\/v2\/pages\/74\/revisions"}],"predecessor-version":[{"id":654,"href":"https:\/\/szkolkakubiczek.pl\/cz\/wp-json\/wp\/v2\/pages\/74\/revisions\/654"}],"wp:attachment":[{"href":"https:\/\/szkolkakubiczek.pl\/cz\/wp-json\/wp\/v2\/media?parent=74"}],"curies":[{"name":"wp","href":"https:\/\/api.w.org\/{rel}","templated":true}]}}

<p><strong>Nasze gospodarstwo szkółkarskie powstało w 1989 r.</strong>&nbsp;choć pierwsze próby rozpoczęliśmy w&nbsp;<strong>1982 r.</strong>&nbsp;po ukończeniu szkoły ogrodniczej. Dwu hektarowe gospodarstwo pozwoliło Nam rozwinąć produkcję pnączy oraz materiału iglastego .</p>
<p><strong>W latach 1990 powiększyliśmy produkcję</strong>&nbsp;szkółkarską do obszaru 10 ha, produkującą drzewa alejowe, rośliny żywopłotowe oraz rośliny okrywowe.</p>
<p><strong>Od roku 2000 rozpoczęliśmy produkcję materiału szczepionego</strong>&nbsp;takiego jak : jodły , sosny, świerki,modrzewie oraz dużo gatunków roślin liściastych.</p>
<p>Nasz asortyment sprzedajemy na rynek&nbsp;<strong>polski</strong>&nbsp;oraz głównie do państw&nbsp;<strong>Europy Wschodniej, Czech i Słowacji.</strong></p>
<p>Na terenie gospodarstwa szkółkarskiego posiadamy&nbsp;<strong>punkt detaliczny</strong>, oraz&nbsp;<strong>liczne ogrody pokazowe</strong>. Co roku&nbsp;<strong>uczestniczymy w wystawach</strong>&nbsp;krajowych oraz zagranicznych „Flora Olomouc”.</p>
<h2 style="text-align: center;"><span style="color: #80b933; font-size: 18pt;">NASZ PUNKT SPRZEDAŻY&nbsp;POKAZANY W 9 ODCINKU PROGRAMU &#8211;&nbsp;OGRÓD PO POLSKU:</span></h2>
<p>&nbsp;</p>
<div class="text-center"><iframe loading="lazy" title="YouTube video player" src="https://www.youtube.com/embed/k2xLPNPMCMs" width="75%" height="450px" frameborder="0" allowfullscreen="allowfullscreen"><span data-mce-type="bookmark" style="display: inline-block; width: 0px; overflow: hidden; line-height: 0;" class="mce_SELRES_start">﻿</span><span data-mce-type="bookmark" style="display: inline-block; width: 0px; overflow: hidden; line-height: 0;" class="mce_SELRES_start">﻿</span></iframe></div>

<p>Nasze gospodarstwo szkółkarskie powstało w 1989 r.&nbsp;choć pierwsze próby rozpoczęliśmy w&nbsp;1982 r.&nbsp;po ukończeniu szkoły ogrodniczej. Dwu hektarowe gospodarstwo pozwoliło Nam rozwinąć produkcję pnączy oraz materiału iglastego . W latach 1990 powiększyliśmy produkcję&nbsp;szkółkarską do obszaru 10 ha, produkującą drzewa alejowe, rośliny żywopłotowe oraz rośliny okrywowe. Od roku 2000 rozpoczęliśmy produkcję materiału szczepionego&nbsp;takiego jak : jodły , [&hellip;]</p>

<!-- This site is optimized with the Yoast SEO plugin v24.9 - https://yoast.com/wordpress/plugins/seo/ -->
<title>O nas - Kubiczek - Szkółka drzew i krzewów Oświęcim</title>
<meta name="robots" content="index, follow, max-snippet:-1, max-image-preview:large, max-video-preview:-1" />
<link rel="canonical" href="https://szkolkakubiczek.pl/o-nas/" />
<meta property="og:locale" content="en_US" />
<meta property="og:type" content="article" />
<meta property="og:title" content="O nas - Kubiczek - Szkółka drzew i krzewów Oświęcim" />
<meta property="og:url" content="https://szkolkakubiczek.pl/o-nas/" />
<meta property="og:site_name" content="Kubiczek - Szkółka drzew i krzewów Oświęcim" />
<meta property="article:publisher" content="https://www.facebook.com/profile.php?id=100048712636007" />
<meta property="article:modified_time" content="2022-04-04T14:24:53+00:00" />
<meta property="og:image" content="https://szkolkakubiczek.pl/wp-content/uploads/2022/03/13.jpg" />
	<meta property="og:image:width" content="600" />
	<meta property="og:image:height" content="399" />
	<meta property="og:image:type" content="image/jpeg" />
<meta name="twitter:card" content="summary_large_image" />
<meta name="twitter:label1" content="Est. reading time" />
	<meta name="twitter:data1" content="1 minute" />
<script type="application/ld+json" class="yoast-schema-graph">{"@context":"https://schema.org","@graph":[{"@type":"WebPage","@id":"https://szkolkakubiczek.pl/o-nas/","url":"https://szkolkakubiczek.pl/o-nas/","name":"O nas - Kubiczek - Szkółka drzew i krzewów Oświęcim","isPartOf":{"@id":"https://szkolkakubiczek.pl/gb/#website"},"datePublished":"2022-03-11T14:17:26+00:00","dateModified":"2022-04-04T14:24:53+00:00","description":"Kubiczek - Szkółka drzew i krzewów Oświęcim - O nas","breadcrumb":{"@id":"https://szkolkakubiczek.pl/o-nas/#breadcrumb"},"inLanguage":"cz-CZ","potentialAction":[{"@type":"ReadAction","target":["https://szkolkakubiczek.pl/o-nas/"]}]},{"@type":"BreadcrumbList","@id":"https://szkolkakubiczek.pl/o-nas/#breadcrumb","itemListElement":[{"@type":"ListItem","position":1,"name":"Strona główna","item":"https://szkolkakubiczek.pl/gb/"},{"@type":"ListItem","position":2,"name":"O nas"}]},{"@type":"WebSite","@id":"https://szkolkakubiczek.pl/gb/#website","url":"https://szkolkakubiczek.pl/gb/","name":"Kubiczek - Szkółka drzew i krzewów Oświęcim","description":"Szkółka drzew i krzewów","publisher":{"@id":"https://szkolkakubiczek.pl/gb/#organization"},"potentialAction":[{"@type":"SearchAction","target":{"@type":"EntryPoint","urlTemplate":"https://szkolkakubiczek.pl/gb/?s={search_term_string}"},"query-input":{"@type":"PropertyValueSpecification","valueRequired":true,"valueName":"search_term_string"}}],"inLanguage":"cz-CZ"},{"@type":"Organization","@id":"https://szkolkakubiczek.pl/gb/#organization","name":"Szkółka kwiatów i roślin Kubiczek","url":"https://szkolkakubiczek.pl/gb/","logo":{"@type":"ImageObject","inLanguage":"cz-CZ","@id":"https://szkolkakubiczek.pl/gb/#/schema/logo/image/","url":"http://szkolkakubiczek.pl/wp-content/uploads/2022/04/cropped-Zdjecie4.png","contentUrl":"http://szkolkakubiczek.pl/wp-content/uploads/2022/04/cropped-Zdjecie4.png","width":512,"height":512,"caption":"Szkółka kwiatów i roślin Kubiczek"},"image":{"@id":"https://szkolkakubiczek.pl/gb/#/schema/logo/image/"},"sameAs":["https://www.facebook.com/profile.php?id=100048712636007","https://www.instagram.com/szkolka_kubiczek/"]}]}</script>
<!-- / Yoast SEO plugin. -->

O nas - Kubiczek - Szkółka drzew i krzewów Oświęcim

Kubiczek - Szkółka drzew i krzewów Oświęcim

Kubiczek - Szkółka drzew i krzewów Oświęcim - O nas

Strona główna

Szkółka drzew i krzewów

Szkółka kwiatów i roślin Kubiczek
